 22.
7
Suppose 0 = 19*g - 48*g + 986. Calculate the remainder when 51 is divided by g.
17
Suppose 2*m - 77 = -5. What is the remainder when 135 is divided by m?
27
Let m(c) = -3*c - 41. Let l be m(-15). Suppose 0 = 4*n + b - 232, l*n + 3*b - 4*b - 240 = 0. Calculate the remainder when n is divided by 6.
5
Let z(f) = 635*f - 25. Calculate the remainder when z(1) is divided by 36.
34
Let v(b) = -b**2 + 3*b - 2. Let s be v(-4). Let d = s + 73. What is the remainder when d is divided by 22?
21
Suppose 6 = 4*p - 3*n - 352, 3*p - 277 = -2*n. Let a(h) = 2*h**2 - h - 5. Calculate the remainder when p is divided by a(-4).
29
Suppose 91*p = 76*p + 960. What is the remainder when p is divided by 10?
4
Let u = 352 - 295. What is the remainder when u is divided by 29?
28
Suppose 3*j = -a + 207, -10*j = 2*a - 11*j - 386. What is the remainder when a is divided by 98?
97
Let p = -48 + 51. Suppose -4*m + u + 34 = 0, 2*u = 4*m + p*u - 38. What is the remainder when m is divided by 4?
1
Suppose -119*j + 83*j = -828. Calculate the remainder when 107 is divided by j.
15
Suppose 10*r = -4*u + 5*r + 46, -5*u = 2*r - 49. Let o = u + 1. Let t(i) = i - 3. What is the remainder when o is divided by t(6)?
1
Suppose -y = -2*g + 21 + 37, 0 = 2*g + y - 66. Let t = g - 14. Calculate the remainder when 116 is divided by t.
14
Let k = 82 + -40. Calculate the remainder when k is divided by 1/(-6) - (-165)/18.
6
Suppose 70*u - 2486 = -106. Let a(s) = 5*s**2 + 4*s + 2. What is the remainder when a(4) is divided by u?
30
Suppose -3*p - 29 = -158. Let b(c) = -29*c - 94. Calculate the remainder when p is divided by b(-4).
21
Suppose 3*j - 2189 + 2003 = 0. What is the remainder when j is divided by 29?
4
Suppose u - 13 = -2*n + 22, -5*u = n - 193. Let t(d) = -11*d**3 - 2*d**2 + 1. Calculate the remainder when u is divided by t(-1).
9
What is the remainder when ((-6264)/(-1827))/((-1)/(-56)) is divided by 97?
95
Suppose -2*c = 5*u - 232, -3*c - 4*u + 355 = -0*c. What is the remainder when c is divided by 26?
17
Let a(t) = 3 - 3 - 18*t + 4 - 5. Let q(y) = y**3 - 8*y**2 + 6*y + 4. Let m be q(7). What is the remainder when a(m) is divided by 14?
11
Let p = 32 - 16. Let o(w) = 6*w**2 - 2861*w - 5717. What is the remainder when o(-2) is divided by p?
13
Suppose 2*j + 8 = 84. Suppose -3*h + b = -49, -23 = -3*h + 4*b + j. Let c = -43 - -52. Calculate the remainder when h is divided by c.
6
Let x = 1707 - 1696. What is the remainder when 230 is divided by x?
10
Suppose 4*u = m + 5, -3*u - 44*m + 21 = -39*m. Let z(x) = -x**2 + 5*x - 6. Let j be z(4). Let o = -1 - j. Calculate the remainder when u is divided by o.
0
Let r(o) = -4*o**2 + 27*o - 8. Let y(h) = 2*h**2 - 2*h + 3 - 3. What is the remainder when r(6) is divided by y(2)?
2
Calculate the remainder when 5 + 3 + (605 - 8) is divided by 32.
29
Let t(v) = 3*v**3 + v**2 - 6*v + 19. Let i(k) = -k**3 + k**2 - k - 1. Let n(a) = -2*i(a) - t(a). Calculate the remainder when n(-7) is divided by 42.
39
Suppose 3*y = -3*j + 459, -4*y + 8*y - 4*j - 620 = 0. What is the remainder when 490 is divided by y?
28
Let l = 556 + -528. Calculate the remainder when 35 is divided by l.
7
Suppose -7*s + 2*s - 5*q = 25, -5*s + 2*q = -10. Suppose s = -3*o - 2*p + 69, p = -3*o + 2*p + 60. What is the remainder when o is divided by 62/6 + 4/6?
10
Calculate the remainder when 77 is divided by (6 + 2)*10/4.
17
What is the remainder when (-7)/(56/(-352))*(-69)/(-12) is divided by 85?
83
Let i = -120 - -139. Let v = 367 - 217. What is the remainder when v is divided by i?
17
Suppose 72 = 2*p + 14. Suppose a = z + 8, -2 = -4*a - 2*z + 12. Suppose -3*g + 92 = 5*x, 3*x - 52 = -a*g + 4*g. Calculate the remainder when p is divided by x.
13
Let j be 50/4*(-6)/(-5). Calculate the remainder when (-1488)/(-18) + (-6)/9 is divided by (140/j)/(2/6).
26
Let m(s) = -s**3 + 43. Calculate the remainder when m(0) is divided by 26.
17
Let m(i) = -3*i**2 - 5*i - i - 5 + 0*i**3 - 9*i**3 + 10*i**3. Let p = 61 + -4. What is the remainder when p is divided by m(5)?
12
Let j = -499 + 555. Calculate the remainder when 91 is divided by j.
35
Suppose -3*k - 2*k = -3*k. Suppose -6*s + 2*s = v + 14, k = 4*v - 5*s - 28. What is the remainder when 10 is divided by v?
0
Suppose 0*t + 11 = t. What is the remainder when 2 + 5 + 4 + 3 is divided by t?
3
Let j(g) = -g - 5. Let h be j(-1). Let s be 1*(-4)/2 - h. Suppose 0 = 2*r - 2*z - 48, -4*z + 9*z = s*r - 57. What is the remainder when r is divided by 8?
5
Suppose 5*b = 4*p - 16, -4*p = -b - 2*b - 16. Let h = 3 + b. Suppose 3*f = 3*j + 3, 5*j - f + 5*f - 22 = 0. Calculate the remainder when h is divided by j.
1
Let n = -8 - -13. Suppose -5*q = -0*q - n. Suppose -29 - q = -2*s. What is the remainder when 27 is divided by s?
12
Let o(a) = -a**3 - 6*a**2 - 2*a - 4. Let m be o(-6). Let k be m/(-6)*(-18)/(-4). What is the remainder when (3/k)/((-2)/212) is divided by 14?
11
Suppose 41*a - 12 = 40*a. Let m = -52 - -74. Calculate the remainder when m is divided by a.
10
Suppose -357*s - 48 = -358*s. What is the remainder when s is divided by 40?
8
Suppose 55 = -620*k + 625*k. What is the remainder when 14 is divided by k?
3
Let q = -7 - -8. Let n(b) = 8*b - 2. What is the remainder when n(q) is divided by 2?
0
Suppose -55*g + 1854 + 11401 = 0. Calculate the remainder when g is divided by 7.
3
Let g be -4 - (294/(-8) - 16/64). Calculate the remainder when 69 is divided by (2 - 2*(-2)/(-3))*g.
3
Suppose -4*o + 44 = -0*d + 2*d, 64 = 4*d - 4*o. Let h = 117 + -82. What is the remainder when h is divided by d/(-5)*10/(-4)?
8
Suppose -2*r - 765 = -17*r. Calculate the remainder when 458 is divided by r.
50
Suppose 4*r = r + 1968. Suppose 0 = 4*b - 4*l - l - 519, -5*b - l + r = 0. Calculate the remainder when b is divided by 44.
43
Let z = 22 - -5. Let f(a) = a**3 - 5*a**2 + 8*a + 5. Let l be f(6). What is the remainder when z is divided by l/6 - 6/(-36)?
12
Let n(h) = 5*h - 2. Let z = 129 + -117. What is the remainder when n(7) is divided by z?
9
Let d(q) = q**2 - 7*q + 61. Calculate the remainder when d(11) is divided by 4.
1
Suppose -4*z + x = -677, 0 = 3*x - 4*x + 3. Suppose 5*r = -5*w + z, -3*r = w - 0*r - 42. Calculate the remainder when 89 is divided by w.
29
Suppose l = -5*w - 13, l + 4*w + 8 = -0*l. Let n = -1797 - -1890. What is the remainder when n is divided by l?
9
Suppose -4*v + 2 = -330. Suppose h = -3*h. Calculate the remainder when v is divided by (-1 - h)/(3/(-63)).
20
Let k = -609 - -819. Calculate the remainder when k is divided by 54.
48
Let k = -37 + 19. Let t = 9 + -5. Calculate the remainder when k/3*(-12)/8 is divided by t.
1
What is the remainder when 3910/38 + -3 - 34/(-323) is divided by 19?
5
Let h(d) = d**2 + 6*d + 28. Let x be 2 + -1 + (-1)/1. Suppose -3*f + x*f = -105. Calculate the remainder when f is divided by h(-3).
16
Let o = -11 - -26. Suppose 5*q - o - 55 = 0. Calculate the remainder when 52 is divided by q.
10
Let q(c) = -c. Let m be q(-14). Let i(k) = -k - 31. Let p be i(m). Let x = 33 - p. Calculate the remainder when x is divided by 27.
24
Suppose 8*s - 40 - 24 = 0. Suppose -s*r = -202 - 166. Calculate the remainder when r is divided by 24.
22
Let x = 10 + -5. Suppose x*f - 5*m - 390 = 0, -5*m + 191 = -f + 3*f. What is the remainder when f is divided by (-4)/(-7) + (-2800)/(-245)?
11
Let n = -22 - -90. Let i(u) = -u**3 + 7*u**2 - 7*u - 2. Calculate the remainder when n is divided by i(4).
14
Let z = 271 + -250. Calculate the remainder when 76 is divided by z.
13
Let j(t) = -t**2 + 6*t + 39. Let r = 122 + -116. What is the remainder when j(r) is divided by 24?
15
Let j = 362 - 352. Calculate the remainder when j is divided by 5.
0
Suppose -9*r - 2296 = -6697. What is the remainder when r is divided by 98?
97
Let r(v) = -v**2 + 61*v + 147. Let o(d) = -d**2 + 41*d + 98. Let a(j) = -7*o(j) + 5*r(j). What is the remainder when 97 - (-1)/(2/2) is divided by a(-8)?
32
Suppose -54*a + 383 = 5. Calculate the remainder when 31 is divided by a.
3
Let f(i) = i**3 - 12*i**2 + 27. Calculate the remainder when 167 is divided by f(12).
5
Suppose -2*t = -3*w + 17, 4*w = -t + 2*t + 21. Let j(n) = -n**3 - 5*n**2 - n - 7. Let d be j(-5). Let k = 2 - d. What is the remainder when w is divided by k?
1
Let z(x) = 31*x - 8. What is the remaind